the remainder when 94 is divided by (-6)/((o/2)/4)?
22
Suppose -w - 2 = 4*a, -5*w - 2*a - 122 + 148 = 0. What is the remainder when 38 is divided by w?
2
Suppose -2*r - 215 = -7*r - 3*c, r - 21 = -5*c. What is the remainder when 963 is divided by r?
43
Let d be 115/25 - 6/(-15). Suppose 0*j = -d*m + 5*j + 70, 4*m = -j + 51. What is the remainder when 37 is divided by m?
11
Calculate the remainder when (-39)/(-5)*1430/33 - -1 is divided by 15.
9
Let p be ((-72)/(-48))/((-3)/(-94)). Let l = p - -73. What is the remainder when l is divided by 41?
38
What is the remainder when (-6 + -305)*(0 + (3 - 4)) is divided by 26?
25
Let f = 31 - -36. What is the remainder when f is divided by 30?
7
Let f = 16 - 5. Calculate the remainder when (-1)/2*(-146 + 42) is divided by f.
8
Suppose 0 = w + 5, 23*w - 131 = -4*g + 22*w. Calculate the remainder when 227 is divided by g.
23
Let d = -307 - -326. Calculate the remainder when d is divided by 2.
1
Let z = 72 - 27. Suppose 0 = 2*t - 2*a - 156, -3*a - 168 = -2*t - 7*a. Calculate the remainder when (z/12)/(6/t) is divided by 13.
11
Let n(f) = f**2 - 8*f + 12. Let d be 4/(-6) + (-52)/(-6). Suppose 3*v - 11 = 10. What is the remainder when n(d) is divided by v?
5
Let v(h) = -h**2 + h + 41. What is the remainder when v(0) is divided by ((-24)/(-36))/(2/21)?
6
Let x(a) = a + 44. What is the remainder when (-2)/10 + (-266)/(-5) is divided by x(-26)?
17
Let c = -96 + 120. Let t(h) = h**2 + 2*h + 1. What is the remainder when c is divided by t(-4)?
6
Let k be (18 + 3/(-1))*(-3)/9. Calculate the remainder when 49 is divided by 60/8*(-18)/k.
22
Let u = 109 - 118. Let h(x) = x**2 + 9*x + 6. Calculate the remainder when 28 is divided by h(u).
4
Let i be 0 + 0 + -3 + 7. Let w(s) = -14 + 2*s**2 + i*s + 14. What is the remainder when w(-5) is divided by 16?
14
Suppose 0 = 3*r + 2*r + 20. Let w(x) = x**3 + 7*x**2 + 2*x - 15. Calculate the remainder when w(r) is divided by 9.
7
Suppose -p - 3*p = -8. Suppose -5*z - p*y + 41 = 0, -z + 4 = y - 3. Calculate the remainder when 42 is divided by z.
6
Suppose -2*o = -5*h + 120, -2*h = 2*h - o - 96. Let v(f) = -f**2 + 6*f - 5. Let y be v(5). Suppose p = 9 - y. What is the remainder when h is divided by p?
6
Suppose 20 = 5*h - 75. Calculate the remainder when (-1729)/(-49) - (-4)/(-14) is divided by h.
16
Suppose -9*a + 104 = 4*a. Calculate the remainder when 11 is divided by a.
3
Let y(j) = -14*j - 44 - 19*j + 3*j + 3*j + j**2. What is the remainder when y(30) is divided by 7?
4
Suppose 5*r = 6*r + 5*u - 6, -u + 62 = 4*r. What is the remainder when 335 is divided by r?
15
What is the remainder when 28 is divided by 22*6/8*(-20)/(-15)?
6
Suppose -2*x - 56 = -3*h + 5*h, -4*h = -5*x - 140. Calculate the remainder when ((-1992)/x)/6*7 is divided by 22.
17
Suppose -j = 6*k - 3*k - 37, -4*k - 5*j = -42. What is the remainder when 37 is divided by k?
11
Suppose 0 = -5*n + 505 - 150. Let y be (-2 + 0 - -11)*1. Suppose -y*r + 5*r = -96. Calculate the remainder when n is divided by r.
23
Let w(d) = -d**3 - 4*d**2 + 2*d + 5. Let u be w(-5). Let v = u - -12. What is the remainder when 126 is divided by v?
30
Let o(f) = 27*f**2 - f + 1. Let j be o(1). Let z = j - 13. What is the remainder when z is divided by 93/(-62)*10/(-3)?
4
Let g = -2384 - -2427. Calculate the remainder when 50 is divided by g.
7
Let n be (-6)/(-4) - (-21)/14. Suppose -k = 5, -2*i - n*k + 23 = -4*k. Calculate the remainder when 15 is divided by i.
6
Suppose -4*d + 8*d - 880 = 0. Suppose 15*c - 13*c = d. Calculate the remainder when c is divided by 37.
36
Let b(j) = 3*j - 5*j + 7*j - 7 + 7*j**2. What is the remainder when b(2) is divided by 12?
7
Suppose t = 2*f + 9, 5*t - 3*t = -3*f + 18. Let j = t + 11. Calculate the remainder when 77 is divided by j.
17
Suppose 164 = -5*x - 4*l, x + 22 + 10 = -l. Calculate the remainder when 5 is divided by ((-2)/3)/(6/x).
1
Let w be (1/3)/(2/30). Suppose -3*r - 3*p + 96 = 0, -w = 2*p - p. What is the remainder when r is divided by 21?
16
Let h(m) = 3*m - 4. Suppose -d + 5 = -0. Suppose 5*b = 3*x + 23, -12 = -4*b + 17*x - 21*x. What is the remainder when h(d) is divided by b?
3
Let k = -34 + 69. Suppose -k - 4 = -3*r. What is the remainder when r is divided by 9?
4
Let v(k) = -3*k + 13. Let x be v(-4). Suppose x*w + 120 = 31*w. What is the remainder when 39 is divided by w?
19
Let u(o) = 18*o**2 + 3*o**3 + 5*o + 9*o - 25 + 4*o**3 - 6*o**3. Calculate the remainder when u(-17) is divided by 30/2 - 0 - 1.
12
Calculate the remainder when 102 is divided by (-180)/(-24)*4/2.
12
Let b = 277 - 219. Calculate the remainder when 403 is divided by b.
55
Let s(n) = -n**2 - 15*n + 9. Let u be s(-7). Suppose 0 = -7*v + 2*v - 3*d + 85, -3*v + u = -d. What is the remainder when 77 is divided by v?
17
Let f(b) = b**2 + 109*b - 639. Let v = -198 + 401. Calculate the remainder when v is divided by f(6).
50
Let l = 1029 - 190. What is the remainder when l is divided by 40?
39
Let b = -20 - -8. Let k = -3 - b. Calculate the remainder when 26 is divided by k.
8
Let a(n) = 3*n**2 + 6*n + 7. Suppose 5*i = -3*u + 89, -4*i + 3*u = 4*u - 74. What is the remainder when a(6) is divided by i?
18
Suppose -3*i - 2*i = 0. Let u(q) be the first derivative of -q**2/2 + 53*q - 42. Calculate the remainder when u(i) is divided by 14.
11
Let a = 295 + -210. Let r be ((-484)/10)/((-17)/a). Suppose -4*l + 3*g + r = 0, -l + 0*l + 2*g = -63. What is the remainder when l is divided by 20?
19
Let d(f) = -2*f - 7 - f - f. Let r be d(-9). Suppose -2*l + l = -r. What is the remainder when l is divided by 15?
14
Let m(y) = -y**3 - 4*y**2 - 6*y - 6. Let d be m(-3). Suppose 0 = -d*h + 5*x + 7, h - 18 = -4*h + 2*x. What is the remainder when 10 is divided by h?
2
Suppose 0 = -2*i + 4*h + 86, 0 = -3*i + 4*i - 5*h - 34. What is the remainder when 181 is divided by i?
34
Suppose 4*y - z = -17, 2*z = -4*y - y - 5. Let k be ((-3)/3)/(y/(-57)). Calculate the remainder when 35 is divided by k/((1 - 1) + -1).
16
Let m(r) be the third derivative of -11*r**4/24 - 3*r**3/2 + r**2. What is the remainder when m(-4) is divided by 19?
16
Let h(y) = -2*y + 63. Calculate the remainder when 177 is divided by h(15).
12
What is the remainder when 244 is divided by ((-29)/2 + 4)/(2/(-8))?
34
Let s(w) = -4*w + 65. Let r(d) = 4*d**2 + 7*d. What is the remainder when r(-5) is divided by s(8)?
32
Suppose -5*b + 13 = -2. Suppose -29 = -4*o + b*o. Calculate the remainder when ((-805)/(-14))/((-3)/(-6)) is divided by o.
28
Let g be 3640/48 + 2/12. Let y = g + -58. Calculate the remainder when 71 is divided by y.
17
Suppose h + 1 = 2*h. What is the remainder when h/(-2) - 117/(-6) is divided by ((-133)/(-19))/(-3 + 8 + -4)?
5
Suppose -z + 20 = 4*z. Let l(i) = -i**3 + 6*i**2 - i - 3. What is the remainder when 74 is divided by l(z)?
24
Let o = 44 + -36. Let w = -4 + 0. Let j = 11 - w. What is the remainder when j is divided by o?
7
Suppose 32 = 2*c + 36, 2*c - 672 = -4*n. What is the remainder when n is divided by 25?
19
Let u be (1 - (-6)/(-15))/(2/10). Suppose -2*y - 6 = -u*s, 0 = 3*s - 9*y + 5*y. Calculate the remainder when 14 is divided by s.
2
Let a be 0*(-2 + 2 + 1). Suppose -2*m = -a*m - 52. What is the remainder when m is divided by 7?
5
Suppose -u + 2*r + 12 - 4 = 0, 2*u + 2*r = -8. Calculate the remainder when 6 is divided by 5 + (-1 - (0 - u)).
2
Let u = -757 - -766. Suppose a = 21 + 3. Calculate the remainder when a is divided by u.
6
Let v = 10 + -5. Let t(n) = -n**3 - 3*n**2 + 7*n - 1. Calculate the remainder when t(-5) is divided by v.
4
Suppose 0 = 3*q - i - 26, 0 = -0*q - 2*q - 2*i + 28. Let r = 12 - q. Suppose -5*y + r*y + 9 = 0. What is the remainder when 10 is divided by y?
1
Suppose -o + 888 - 96 = 2*k, 0 = k - o - 399. What is the remainder when k is divided by 16?
13
Let a be 31*(-3)/(-6 - -3). Let c = 24 + a. What is the remainder when c is divided by 14?
13
Let w(h) = h + 114. Let t be w(0). Suppose 0 = -4*d + 31 + 113. What is the remainder when d is divided by (-1)/((-3)/t*2)?
17
What is the remainder when 161 is divided by -26 + 28 + (-7)/(-1)?
8
Let f = -319 - -473. Calculate the remainder when f is divided by 34.
18
Let d(p) be the second derivative of p**4/12 - p**3 - 3*p**2 - 5*p. Suppose -4*w + 259 = 3*w. Calculate the remainder when